{"id":19,"date":"2025-09-27T12:29:32","date_gmt":"2025-09-27T10:29:32","guid":{"rendered":"https:\/\/freeqrco.de\/docs\/?page_id=19"},"modified":"2026-03-09T13:09:17","modified_gmt":"2026-03-09T12:09:17","slug":"impressum","status":"publish","type":"page","link":"https:\/\/freeqrco.de\/docs\/impressum\/","title":{"rendered":"Impressum"},"content":{"rendered":"\n<p><strong>Freeqrco.de<\/strong>&nbsp;wird betrieben von:<br>D. Lehr<br>S\u00f6dingberg 164<br>8152 Geistthal-S\u00f6dingberg<br>\u00d6sterreich<\/p>\n\n\n\n<h3 class=\"wp-block-heading\">Kontakt<\/h3>\n\n\n\n<p>E-Mail:\u00a0<a href=\"https:\/\/freeqrco.de\/docs\/contact\/\" type=\"page\" id=\"100\">info@freeqrco.de<\/a><br>Telefon: +43 664 9336 5999<\/p>\n\n\n\n<h3 class=\"wp-block-heading\">Haftungsausschluss<\/h3>\n\n\n\n<p>Alle Inhalte dieser Website wurden mit gr\u00f6\u00dfter Sorgfalt erstellt. Dennoch \u00fcbernehmen wir keine Gew\u00e4hr f\u00fcr die Richtigkeit, Vollst\u00e4ndigkeit oder Aktualit\u00e4t der bereitgestellten Informationen.<\/p>\n\n\n\n<h3 class=\"wp-block-heading\">Urheberrecht<\/h3>\n\n\n\n<p>Die Inhalte dieser Website unterliegen dem \u00f6sterreichischen Urheberrecht. Eine Vervielf\u00e4ltigung, Bearbeitung oder Verbreitung au\u00dferhalb der gesetzlichen Grenzen bedarf der schriftlichen Zustimmung.<\/p>\n\n\n\n<h3 class=\"wp-block-heading\">EU-Streitschlichtung<\/h3>\n\n\n\n<p>Die Europ\u00e4ische Kommission stellt eine Plattform zur Online-Streitbeilegung (OS) bereit:&nbsp;<a href=\"https:\/\/ec.europa.eu\/consumers\/odr\" target=\"_blank\" rel=\"noreferrer noopener\">https:\/\/ec.europa.eu\/consumers\/odr<\/a>. Wir sind nicht verpflichtet und nicht bereit, an Streitbeilegungsverfahren vor einer Verbraucherschlichtungsstelle teilzunehmen.<\/p>\n","protected":false},"excerpt":{"rendered":"<p>Freeqrco.de&nbsp;wird betrieben von:D. LehrS\u00f6dingberg 1648152 Geistthal-S\u00f6dingberg\u00d6sterreich Kontakt E-Mail:\u00a0info@freeqrco.deTelefon: +43 664 9336 5999 Haftungsausschluss Alle Inhalte dieser Website wurden mit gr\u00f6\u00dfter Sorgfalt erstellt. Dennoch \u00fcbernehmen wir keine Gew\u00e4hr f\u00fcr die Richtigkeit, Vollst\u00e4ndigkeit oder Aktualit\u00e4t der bereitgestellten Informationen. Urheberrecht Die Inhalte dieser Website unterliegen dem \u00f6sterreichischen Urheberrecht. Eine Vervielf\u00e4ltigung, Bearbeitung oder Verbreitung au\u00dferhalb der gesetzlichen Grenzen bedarf [&hellip;]<\/p>\n","protected":false},"author":1,"featured_media":0,"parent":0,"menu_order":0,"comment_status":"closed","ping_status":"closed","template":"","meta":{"footnotes":""},"class_list":["post-19","page","type-page","status-publish","hentry"],"yoast_head":"<!-- This site is optimized with the Yoast SEO plugin v27.4 - https:\/\/yoast.com\/product\/yoast-seo-wordpress\/ -->\n<title>Impressum - Free QR Code<\/title>\n<meta name=\"robots\" content=\"index, follow, max-snippet:-1, max-image-preview:large, max-video-preview:-1\" \/>\n<link rel=\"canonical\" href=\"https:\/\/freeqrco.de\/docs\/impressum\/\" \/>\n<meta property=\"og:locale\" content=\"de_DE\" \/>\n<meta property=\"og:type\" content=\"article\" \/>\n<meta property=\"og:title\" content=\"Impressum - Free QR Code\" \/>\n<meta property=\"og:description\" content=\"Freeqrco.de&nbsp;wird betrieben von:D. LehrS\u00f6dingberg 1648152 Geistthal-S\u00f6dingberg\u00d6sterreich Kontakt E-Mail:\u00a0info@freeqrco.deTelefon: +43 664 9336 5999 Haftungsausschluss Alle Inhalte dieser Website wurden mit gr\u00f6\u00dfter Sorgfalt erstellt. Dennoch \u00fcbernehmen wir keine Gew\u00e4hr f\u00fcr die Richtigkeit, Vollst\u00e4ndigkeit oder Aktualit\u00e4t der bereitgestellten Informationen. Urheberrecht Die Inhalte dieser Website unterliegen dem \u00f6sterreichischen Urheberrecht. Eine Vervielf\u00e4ltigung, Bearbeitung oder Verbreitung au\u00dferhalb der gesetzlichen Grenzen bedarf [&hellip;]\" \/>\n<meta property=\"og:url\" content=\"https:\/\/freeqrco.de\/docs\/impressum\/\" \/>\n<meta property=\"og:site_name\" content=\"Free QR Code\" \/>\n<meta property=\"article:publisher\" content=\"https:\/\/www.facebook.com\/qrcodegenerator\" \/>\n<meta property=\"article:modified_time\" content=\"2026-03-09T12:09:17+00:00\" \/>\n<meta property=\"og:image\" content=\"https:\/\/freeqrco.de\/docs\/wp-content\/uploads\/freeqrcode_social_logo.png\" \/>\n\t<meta property=\"og:image:width\" content=\"2000\" \/>\n\t<meta property=\"og:image:height\" content=\"1000\" \/>\n\t<meta property=\"og:image:type\" content=\"image\/png\" \/>\n<meta name=\"twitter:card\" content=\"summary_large_image\" \/>\n<meta name=\"twitter:site\" content=\"@freeqrcode_x\" \/>\n<meta name=\"twitter:label1\" content=\"Gesch\u00e4tzte Lesezeit\" \/>\n\t<meta name=\"twitter:data1\" content=\"1 Minute\" \/>\n<script type=\"application\/ld+json\" class=\"yoast-schema-graph\">{\"@context\":\"https:\\\/\\\/schema.org\",\"@graph\":[{\"@type\":\"WebPage\",\"@id\":\"https:\\\/\\\/freeqrco.de\\\/docs\\\/impressum\\\/\",\"url\":\"https:\\\/\\\/freeqrco.de\\\/docs\\\/impressum\\\/\",\"name\":\"Impressum - Free QR Code\",\"isPartOf\":{\"@id\":\"https:\\\/\\\/freeqrco.de\\\/docs\\\/#website\"},\"datePublished\":\"2025-09-27T10:29:32+00:00\",\"dateModified\":\"2026-03-09T12:09:17+00:00\",\"breadcrumb\":{\"@id\":\"https:\\\/\\\/freeqrco.de\\\/docs\\\/impressum\\\/#breadcrumb\"},\"inLanguage\":\"de-AT\",\"potentialAction\":[{\"@type\":\"ReadAction\",\"target\":[\"https:\\\/\\\/freeqrco.de\\\/docs\\\/impressum\\\/\"]}]},{\"@type\":\"BreadcrumbList\",\"@id\":\"https:\\\/\\\/freeqrco.de\\\/docs\\\/impressum\\\/#breadcrumb\",\"itemListElement\":[{\"@type\":\"ListItem\",\"position\":1,\"name\":\"Startseite\",\"item\":\"https:\\\/\\\/freeqrco.de\\\/docs\\\/\"},{\"@type\":\"ListItem\",\"position\":2,\"name\":\"Impressum\"}]},{\"@type\":\"WebSite\",\"@id\":\"https:\\\/\\\/freeqrco.de\\\/docs\\\/#website\",\"url\":\"https:\\\/\\\/freeqrco.de\\\/docs\\\/\",\"name\":\"Free QR Code\",\"description\":\"Docs\",\"publisher\":{\"@id\":\"https:\\\/\\\/freeqrco.de\\\/docs\\\/#organization\"},\"alternateName\":\"Freeqrco.de\",\"potentialAction\":[{\"@type\":\"SearchAction\",\"target\":{\"@type\":\"EntryPoint\",\"urlTemplate\":\"https:\\\/\\\/freeqrco.de\\\/docs\\\/?s={search_term_string}\"},\"query-input\":{\"@type\":\"PropertyValueSpecification\",\"valueRequired\":true,\"valueName\":\"search_term_string\"}}],\"inLanguage\":\"de-AT\"},{\"@type\":\"Organization\",\"@id\":\"https:\\\/\\\/freeqrco.de\\\/docs\\\/#organization\",\"name\":\"Free QR Code\",\"alternateName\":\"Freeqrco.de\",\"url\":\"https:\\\/\\\/freeqrco.de\\\/docs\\\/\",\"logo\":{\"@type\":\"ImageObject\",\"inLanguage\":\"de-AT\",\"@id\":\"https:\\\/\\\/freeqrco.de\\\/docs\\\/#\\\/schema\\\/logo\\\/image\\\/\",\"url\":\"https:\\\/\\\/freeqrco.de\\\/docs\\\/wp-content\\\/uploads\\\/freeqrcode_favicon.png\",\"contentUrl\":\"https:\\\/\\\/freeqrco.de\\\/docs\\\/wp-content\\\/uploads\\\/freeqrcode_favicon.png\",\"width\":1080,\"height\":1080,\"caption\":\"Free QR Code\"},\"image\":{\"@id\":\"https:\\\/\\\/freeqrco.de\\\/docs\\\/#\\\/schema\\\/logo\\\/image\\\/\"},\"sameAs\":[\"https:\\\/\\\/www.facebook.com\\\/qrcodegenerator\",\"https:\\\/\\\/x.com\\\/freeqrcode_x\"]}]}<\/script>\n<!-- \/ Yoast SEO plugin. -->","yoast_head_json":{"title":"Impressum - Free QR Code","robots":{"index":"index","follow":"follow","max-snippet":"max-snippet:-1","max-image-preview":"max-image-preview:large","max-video-preview":"max-video-preview:-1"},"canonical":"https:\/\/freeqrco.de\/docs\/impressum\/","og_locale":"de_DE","og_type":"article","og_title":"Impressum - Free QR Code","og_description":"Freeqrco.de&nbsp;wird betrieben von:D. LehrS\u00f6dingberg 1648152 Geistthal-S\u00f6dingberg\u00d6sterreich Kontakt E-Mail:\u00a0info@freeqrco.deTelefon: +43 664 9336 5999 Haftungsausschluss Alle Inhalte dieser Website wurden mit gr\u00f6\u00dfter Sorgfalt erstellt. Dennoch \u00fcbernehmen wir keine Gew\u00e4hr f\u00fcr die Richtigkeit, Vollst\u00e4ndigkeit oder Aktualit\u00e4t der bereitgestellten Informationen. Urheberrecht Die Inhalte dieser Website unterliegen dem \u00f6sterreichischen Urheberrecht. Eine Vervielf\u00e4ltigung, Bearbeitung oder Verbreitung au\u00dferhalb der gesetzlichen Grenzen bedarf [&hellip;]","og_url":"https:\/\/freeqrco.de\/docs\/impressum\/","og_site_name":"Free QR Code","article_publisher":"https:\/\/www.facebook.com\/qrcodegenerator","article_modified_time":"2026-03-09T12:09:17+00:00","og_image":[{"width":2000,"height":1000,"url":"https:\/\/freeqrco.de\/docs\/wp-content\/uploads\/freeqrcode_social_logo.png","type":"image\/png"}],"twitter_card":"summary_large_image","twitter_site":"@freeqrcode_x","twitter_misc":{"Gesch\u00e4tzte Lesezeit":"1 Minute"},"schema":{"@context":"https:\/\/schema.org","@graph":[{"@type":"WebPage","@id":"https:\/\/freeqrco.de\/docs\/impressum\/","url":"https:\/\/freeqrco.de\/docs\/impressum\/","name":"Impressum - Free QR Code","isPartOf":{"@id":"https:\/\/freeqrco.de\/docs\/#website"},"datePublished":"2025-09-27T10:29:32+00:00","dateModified":"2026-03-09T12:09:17+00:00","breadcrumb":{"@id":"https:\/\/freeqrco.de\/docs\/impressum\/#breadcrumb"},"inLanguage":"de-AT","potentialAction":[{"@type":"ReadAction","target":["https:\/\/freeqrco.de\/docs\/impressum\/"]}]},{"@type":"BreadcrumbList","@id":"https:\/\/freeqrco.de\/docs\/impressum\/#breadcrumb","itemListElement":[{"@type":"ListItem","position":1,"name":"Startseite","item":"https:\/\/freeqrco.de\/docs\/"},{"@type":"ListItem","position":2,"name":"Impressum"}]},{"@type":"WebSite","@id":"https:\/\/freeqrco.de\/docs\/#website","url":"https:\/\/freeqrco.de\/docs\/","name":"Free QR Code","description":"Docs","publisher":{"@id":"https:\/\/freeqrco.de\/docs\/#organization"},"alternateName":"Freeqrco.de","potentialAction":[{"@type":"SearchAction","target":{"@type":"EntryPoint","urlTemplate":"https:\/\/freeqrco.de\/docs\/?s={search_term_string}"},"query-input":{"@type":"PropertyValueSpecification","valueRequired":true,"valueName":"search_term_string"}}],"inLanguage":"de-AT"},{"@type":"Organization","@id":"https:\/\/freeqrco.de\/docs\/#organization","name":"Free QR Code","alternateName":"Freeqrco.de","url":"https:\/\/freeqrco.de\/docs\/","logo":{"@type":"ImageObject","inLanguage":"de-AT","@id":"https:\/\/freeqrco.de\/docs\/#\/schema\/logo\/image\/","url":"https:\/\/freeqrco.de\/docs\/wp-content\/uploads\/freeqrcode_favicon.png","contentUrl":"https:\/\/freeqrco.de\/docs\/wp-content\/uploads\/freeqrcode_favicon.png","width":1080,"height":1080,"caption":"Free QR Code"},"image":{"@id":"https:\/\/freeqrco.de\/docs\/#\/schema\/logo\/image\/"},"sameAs":["https:\/\/www.facebook.com\/qrcodegenerator","https:\/\/x.com\/freeqrcode_x"]}]}},"_links":{"self":[{"href":"https:\/\/freeqrco.de\/docs\/wp-json\/wp\/v2\/pages\/19","targetHints":{"allow":["GET"]}}],"collection":[{"href":"https:\/\/freeqrco.de\/docs\/wp-json\/wp\/v2\/pages"}],"about":[{"href":"https:\/\/freeqrco.de\/docs\/wp-json\/wp\/v2\/types\/page"}],"author":[{"embeddable":true,"href":"https:\/\/freeqrco.de\/docs\/wp-json\/wp\/v2\/users\/1"}],"replies":[{"embeddable":true,"href":"https:\/\/freeqrco.de\/docs\/wp-json\/wp\/v2\/comments?post=19"}],"version-history":[{"count":3,"href":"https:\/\/freeqrco.de\/docs\/wp-json\/wp\/v2\/pages\/19\/revisions"}],"predecessor-version":[{"id":121,"href":"https:\/\/freeqrco.de\/docs\/wp-json\/wp\/v2\/pages\/19\/revisions\/121"}],"wp:attachment":[{"href":"https:\/\/freeqrco.de\/docs\/wp-json\/wp\/v2\/media?parent=19"}],"curies":[{"name":"wp","href":"https:\/\/api.w.org\/{rel}","templated":true}]}}