{"id":13,"date":"2025-09-27T12:26:51","date_gmt":"2025-09-27T10:26:51","guid":{"rendered":"https:\/\/freeqrco.de\/docs\/?page_id=13"},"modified":"2026-03-09T13:18:34","modified_gmt":"2026-03-09T12:18:34","slug":"browser-addon","status":"publish","type":"page","link":"https:\/\/freeqrco.de\/docs\/browser-addon\/","title":{"rendered":"Browser Addon"},"content":{"rendered":"\n<h2 class=\"wp-block-heading\">QR Code Generator Free Browser Extension (Addon \/ Plugin)<\/h2>\n\n\n\n<h3 class=\"wp-block-heading\">Schnell &amp; Einfach QR-Codes erstellen<\/h3>\n\n\n\n<p>Mit dem **QR Code Generator Free** Browser-Addon kannst du blitzschnell einen QR-Code aus jeder ge\u00f6ffneten Webseite erstellen. Kein Umweg \u00fcber zus\u00e4tzliche Tools \u2013 ein Klick gen\u00fcgt und du erh\u00e4ltst sofort einen QR-Code f\u00fcr die aktuelle URL, der in einem neuen Tab mit&nbsp;<a href=\"https:\/\/freeqrco.de\">Freeqrco.de<\/a>&nbsp;angezeigt wird.<\/p>\n\n\n\n<h4 class=\"wp-block-heading\">Funktionen:<\/h4>\n\n\n\n<ul class=\"wp-block-list\">\n<li>\u2714 **Sofortige Erstellung eines QR-Codes f\u00fcr jede ge\u00f6ffnete Seite**<\/li>\n\n\n\n<li>\u2714 **Ein-Klick-L\u00f6sung** \u2013 direkt \u00fcber den Button in der Symbolleiste<\/li>\n\n\n\n<li>\u2714 **Keine Popup-Fenster** \u2013 direkter QR-Code in einem neuen Tab<\/li>\n\n\n\n<li>\u2714 **Verf\u00fcgbar f\u00fcr Firefox und Chrome**<\/li>\n<\/ul>\n\n\n\n<h3 class=\"wp-block-heading\">Warum QR Code Generator Free nutzen?<\/h3>\n\n\n\n<p>Dieses Addon spart dir Zeit, wenn du schnell einen QR-Code f\u00fcr Websites erstellen m\u00f6chtest. Ideal f\u00fcr das Teilen von Links mit anderen, die Nutzung in Pr\u00e4sentationen oder das Drucken von QR-Codes f\u00fcr Veranstaltungen. Es ist einfach, schnell und kostenlos!<\/p>\n\n\n\n<h4 class=\"wp-block-heading\">Jetzt herunterladen:<\/h4>\n\n\n\n<ul class=\"wp-block-list\">\n<li><a href=\"https:\/\/shurli.at\/xOEMm\" target=\"_blank\" rel=\"noreferrer noopener\">QR Code Generator Free f\u00fcr Firefox<\/a><\/li>\n\n\n\n<li><a href=\"https:\/\/shurli.at\/uTrLN\" target=\"_blank\" rel=\"noreferrer noopener\">QR Code Generator Free f\u00fcr Chrome<\/a><\/li>\n<\/ul>\n","protected":false},"excerpt":{"rendered":"<p>QR Code Generator Free Browser Extension (Addon \/ Plugin) Schnell &amp; Einfach QR-Codes erstellen Mit dem **QR Code Generator Free** Browser-Addon kannst du blitzschnell einen QR-Code aus jeder ge\u00f6ffneten Webseite erstellen. Kein Umweg \u00fcber zus\u00e4tzliche Tools \u2013 ein Klick gen\u00fcgt und du erh\u00e4ltst sofort einen QR-Code f\u00fcr die aktuelle URL, der in einem neuen Tab [&hellip;]<\/p>\n","protected":false},"author":1,"featured_media":0,"parent":0,"menu_order":0,"comment_status":"closed","ping_status":"closed","template":"","meta":{"footnotes":""},"class_list":["post-13","page","type-page","status-publish","hentry"],"yoast_head":"<!-- This site is optimized with the Yoast SEO plugin v27.4 - https:\/\/yoast.com\/product\/yoast-seo-wordpress\/ -->\n<title>Browser Addon - Free QR Code<\/title>\n<meta name=\"robots\" content=\"index, follow, max-snippet:-1, max-image-preview:large, max-video-preview:-1\" \/>\n<link rel=\"canonical\" href=\"https:\/\/freeqrco.de\/docs\/browser-addon\/\" \/>\n<meta property=\"og:locale\" content=\"de_DE\" \/>\n<meta property=\"og:type\" content=\"article\" \/>\n<meta property=\"og:title\" content=\"Browser Addon - Free QR Code\" \/>\n<meta property=\"og:description\" content=\"QR Code Generator Free Browser Extension (Addon \/ Plugin) Schnell &amp; Einfach QR-Codes erstellen Mit dem **QR Code Generator Free** Browser-Addon kannst du blitzschnell einen QR-Code aus jeder ge\u00f6ffneten Webseite erstellen. Kein Umweg \u00fcber zus\u00e4tzliche Tools \u2013 ein Klick gen\u00fcgt und du erh\u00e4ltst sofort einen QR-Code f\u00fcr die aktuelle URL, der in einem neuen Tab [&hellip;]\" \/>\n<meta property=\"og:url\" content=\"https:\/\/freeqrco.de\/docs\/browser-addon\/\" \/>\n<meta property=\"og:site_name\" content=\"Free QR Code\" \/>\n<meta property=\"article:publisher\" content=\"https:\/\/www.facebook.com\/qrcodegenerator\" \/>\n<meta property=\"article:modified_time\" content=\"2026-03-09T12:18:34+00:00\" \/>\n<meta property=\"og:image\" content=\"https:\/\/freeqrco.de\/docs\/wp-content\/uploads\/freeqrcode_social_logo.png\" \/>\n\t<meta property=\"og:image:width\" content=\"2000\" \/>\n\t<meta property=\"og:image:height\" content=\"1000\" \/>\n\t<meta property=\"og:image:type\" content=\"image\/png\" \/>\n<meta name=\"twitter:card\" content=\"summary_large_image\" \/>\n<meta name=\"twitter:site\" content=\"@freeqrcode_x\" \/>\n<meta name=\"twitter:label1\" content=\"Gesch\u00e4tzte Lesezeit\" \/>\n\t<meta name=\"twitter:data1\" content=\"1 Minute\" \/>\n<script type=\"application\/ld+json\" class=\"yoast-schema-graph\">{\"@context\":\"https:\\\/\\\/schema.org\",\"@graph\":[{\"@type\":\"WebPage\",\"@id\":\"https:\\\/\\\/freeqrco.de\\\/docs\\\/browser-addon\\\/\",\"url\":\"https:\\\/\\\/freeqrco.de\\\/docs\\\/browser-addon\\\/\",\"name\":\"Browser Addon - Free QR Code\",\"isPartOf\":{\"@id\":\"https:\\\/\\\/freeqrco.de\\\/docs\\\/#website\"},\"datePublished\":\"2025-09-27T10:26:51+00:00\",\"dateModified\":\"2026-03-09T12:18:34+00:00\",\"breadcrumb\":{\"@id\":\"https:\\\/\\\/freeqrco.de\\\/docs\\\/browser-addon\\\/#breadcrumb\"},\"inLanguage\":\"de-AT\",\"potentialAction\":[{\"@type\":\"ReadAction\",\"target\":[\"https:\\\/\\\/freeqrco.de\\\/docs\\\/browser-addon\\\/\"]}]},{\"@type\":\"BreadcrumbList\",\"@id\":\"https:\\\/\\\/freeqrco.de\\\/docs\\\/browser-addon\\\/#breadcrumb\",\"itemListElement\":[{\"@type\":\"ListItem\",\"position\":1,\"name\":\"Startseite\",\"item\":\"https:\\\/\\\/freeqrco.de\\\/docs\\\/\"},{\"@type\":\"ListItem\",\"position\":2,\"name\":\"Browser Addon\"}]},{\"@type\":\"WebSite\",\"@id\":\"https:\\\/\\\/freeqrco.de\\\/docs\\\/#website\",\"url\":\"https:\\\/\\\/freeqrco.de\\\/docs\\\/\",\"name\":\"Free QR Code\",\"description\":\"Docs\",\"publisher\":{\"@id\":\"https:\\\/\\\/freeqrco.de\\\/docs\\\/#organization\"},\"alternateName\":\"Freeqrco.de\",\"potentialAction\":[{\"@type\":\"SearchAction\",\"target\":{\"@type\":\"EntryPoint\",\"urlTemplate\":\"https:\\\/\\\/freeqrco.de\\\/docs\\\/?s={search_term_string}\"},\"query-input\":{\"@type\":\"PropertyValueSpecification\",\"valueRequired\":true,\"valueName\":\"search_term_string\"}}],\"inLanguage\":\"de-AT\"},{\"@type\":\"Organization\",\"@id\":\"https:\\\/\\\/freeqrco.de\\\/docs\\\/#organization\",\"name\":\"Free QR Code\",\"alternateName\":\"Freeqrco.de\",\"url\":\"https:\\\/\\\/freeqrco.de\\\/docs\\\/\",\"logo\":{\"@type\":\"ImageObject\",\"inLanguage\":\"de-AT\",\"@id\":\"https:\\\/\\\/freeqrco.de\\\/docs\\\/#\\\/schema\\\/logo\\\/image\\\/\",\"url\":\"https:\\\/\\\/freeqrco.de\\\/docs\\\/wp-content\\\/uploads\\\/freeqrcode_favicon.png\",\"contentUrl\":\"https:\\\/\\\/freeqrco.de\\\/docs\\\/wp-content\\\/uploads\\\/freeqrcode_favicon.png\",\"width\":1080,\"height\":1080,\"caption\":\"Free QR Code\"},\"image\":{\"@id\":\"https:\\\/\\\/freeqrco.de\\\/docs\\\/#\\\/schema\\\/logo\\\/image\\\/\"},\"sameAs\":[\"https:\\\/\\\/www.facebook.com\\\/qrcodegenerator\",\"https:\\\/\\\/x.com\\\/freeqrcode_x\"]}]}<\/script>\n<!-- \/ Yoast SEO plugin. -->","yoast_head_json":{"title":"Browser Addon - Free QR Code","robots":{"index":"index","follow":"follow","max-snippet":"max-snippet:-1","max-image-preview":"max-image-preview:large","max-video-preview":"max-video-preview:-1"},"canonical":"https:\/\/freeqrco.de\/docs\/browser-addon\/","og_locale":"de_DE","og_type":"article","og_title":"Browser Addon - Free QR Code","og_description":"QR Code Generator Free Browser Extension (Addon \/ Plugin) Schnell &amp; Einfach QR-Codes erstellen Mit dem **QR Code Generator Free** Browser-Addon kannst du blitzschnell einen QR-Code aus jeder ge\u00f6ffneten Webseite erstellen. Kein Umweg \u00fcber zus\u00e4tzliche Tools \u2013 ein Klick gen\u00fcgt und du erh\u00e4ltst sofort einen QR-Code f\u00fcr die aktuelle URL, der in einem neuen Tab [&hellip;]","og_url":"https:\/\/freeqrco.de\/docs\/browser-addon\/","og_site_name":"Free QR Code","article_publisher":"https:\/\/www.facebook.com\/qrcodegenerator","article_modified_time":"2026-03-09T12:18:34+00:00","og_image":[{"width":2000,"height":1000,"url":"https:\/\/freeqrco.de\/docs\/wp-content\/uploads\/freeqrcode_social_logo.png","type":"image\/png"}],"twitter_card":"summary_large_image","twitter_site":"@freeqrcode_x","twitter_misc":{"Gesch\u00e4tzte Lesezeit":"1 Minute"},"schema":{"@context":"https:\/\/schema.org","@graph":[{"@type":"WebPage","@id":"https:\/\/freeqrco.de\/docs\/browser-addon\/","url":"https:\/\/freeqrco.de\/docs\/browser-addon\/","name":"Browser Addon - Free QR Code","isPartOf":{"@id":"https:\/\/freeqrco.de\/docs\/#website"},"datePublished":"2025-09-27T10:26:51+00:00","dateModified":"2026-03-09T12:18:34+00:00","breadcrumb":{"@id":"https:\/\/freeqrco.de\/docs\/browser-addon\/#breadcrumb"},"inLanguage":"de-AT","potentialAction":[{"@type":"ReadAction","target":["https:\/\/freeqrco.de\/docs\/browser-addon\/"]}]},{"@type":"BreadcrumbList","@id":"https:\/\/freeqrco.de\/docs\/browser-addon\/#breadcrumb","itemListElement":[{"@type":"ListItem","position":1,"name":"Startseite","item":"https:\/\/freeqrco.de\/docs\/"},{"@type":"ListItem","position":2,"name":"Browser Addon"}]},{"@type":"WebSite","@id":"https:\/\/freeqrco.de\/docs\/#website","url":"https:\/\/freeqrco.de\/docs\/","name":"Free QR Code","description":"Docs","publisher":{"@id":"https:\/\/freeqrco.de\/docs\/#organization"},"alternateName":"Freeqrco.de","potentialAction":[{"@type":"SearchAction","target":{"@type":"EntryPoint","urlTemplate":"https:\/\/freeqrco.de\/docs\/?s={search_term_string}"},"query-input":{"@type":"PropertyValueSpecification","valueRequired":true,"valueName":"search_term_string"}}],"inLanguage":"de-AT"},{"@type":"Organization","@id":"https:\/\/freeqrco.de\/docs\/#organization","name":"Free QR Code","alternateName":"Freeqrco.de","url":"https:\/\/freeqrco.de\/docs\/","logo":{"@type":"ImageObject","inLanguage":"de-AT","@id":"https:\/\/freeqrco.de\/docs\/#\/schema\/logo\/image\/","url":"https:\/\/freeqrco.de\/docs\/wp-content\/uploads\/freeqrcode_favicon.png","contentUrl":"https:\/\/freeqrco.de\/docs\/wp-content\/uploads\/freeqrcode_favicon.png","width":1080,"height":1080,"caption":"Free QR Code"},"image":{"@id":"https:\/\/freeqrco.de\/docs\/#\/schema\/logo\/image\/"},"sameAs":["https:\/\/www.facebook.com\/qrcodegenerator","https:\/\/x.com\/freeqrcode_x"]}]}},"_links":{"self":[{"href":"https:\/\/freeqrco.de\/docs\/wp-json\/wp\/v2\/pages\/13","targetHints":{"allow":["GET"]}}],"collection":[{"href":"https:\/\/freeqrco.de\/docs\/wp-json\/wp\/v2\/pages"}],"about":[{"href":"https:\/\/freeqrco.de\/docs\/wp-json\/wp\/v2\/types\/page"}],"author":[{"embeddable":true,"href":"https:\/\/freeqrco.de\/docs\/wp-json\/wp\/v2\/users\/1"}],"replies":[{"embeddable":true,"href":"https:\/\/freeqrco.de\/docs\/wp-json\/wp\/v2\/comments?post=13"}],"version-history":[{"count":3,"href":"https:\/\/freeqrco.de\/docs\/wp-json\/wp\/v2\/pages\/13\/revisions"}],"predecessor-version":[{"id":124,"href":"https:\/\/freeqrco.de\/docs\/wp-json\/wp\/v2\/pages\/13\/revisions\/124"}],"wp:attachment":[{"href":"https:\/\/freeqrco.de\/docs\/wp-json\/wp\/v2\/media?parent=13"}],"curies":[{"name":"wp","href":"https:\/\/api.w.org\/{rel}","templated":true}]}}